{"id":47,"date":"2025-06-09T23:22:47","date_gmt":"2025-06-09T21:22:47","guid":{"rendered":"https:\/\/nubelec.fr\/?page_id=47"},"modified":"2025-06-10T09:41:20","modified_gmt":"2025-06-10T07:41:20","slug":"accueil","status":"publish","type":"page","link":"https:\/\/nubelec.fr\/","title":{"rendered":"Accueil"},"content":{"rendered":"\n<div class=\"wp-block-cover alignfull\" style=\"margin-top:0px;margin-bottom:0px;padding-bottom:150px;min-height:566px;aspect-ratio:unset;\"><img loading=\"lazy\" decoding=\"async\" width=\"1024\" height=\"683\" class=\"wp-block-cover__image-background wp-image-58 size-large\" alt=\"\" src=\"http:\/\/nubelec.fr\/wp-content\/uploads\/2025\/06\/photo-1635335874521-7987db781153-1024x683.jpeg\" data-object-fit=\"cover\" srcset=\"https:\/\/nubelec.fr\/wp-content\/uploads\/2025\/06\/photo-1635335874521-7987db781153-1024x683.jpeg 1024w, https:\/\/nubelec.fr\/wp-content\/uploads\/2025\/06\/photo-1635335874521-7987db781153-300x200.jpeg 300w, https:\/\/nubelec.fr\/wp-content\/uploads\/2025\/06\/photo-1635335874521-7987db781153-768x512.jpeg 768w, https:\/\/nubelec.fr\/wp-content\/uploads\/2025\/06\/photo-1635335874521-7987db781153.jpeg 1200w\" sizes=\"auto, (max-width: 1024px) 100vw, 1024px\" \/><span aria-hidden=\"true\" class=\"wp-block-cover__background has-black-background-color has-background-dim-70 has-background-dim\"><\/span><div class=\"wp-block-cover__inner-container has-global-padding is-layout-constrained wp-container-core-cover-is-layout-5022c590 wp-block-cover-is-layout-constrained\">\n<div style=\"margin-top:0px;margin-bottom:0px;height:27px\" aria-hidden=\"true\" class=\"wp-block-spacer\"><\/div>\n\n\n\n<h2 class=\"wp-block-heading has-text-align-center has-text-color has-josefin-sans-font-family\" style=\"color:#ffffff;font-size:clamp(33.419px, 2.089rem + ((1vw - 3.2px) * 3.021), 60px);font-style:normal;font-weight:600;text-transform:capitalize\"><br>\u00c9lectricien \u00e0 Rennes \u2013 D\u00e9pannage &amp; installations<\/h2>\n\n\n\n<p class=\"has-text-align-center has-text-color has-josefin-sans-font-family\" style=\"color:#ffffff;margin-top:10px;margin-bottom:30px;padding-top:10px;padding-right:0px;padding-bottom:10px;padding-left:0px;font-size:clamp(15.197px, 0.95rem + ((1vw - 3.2px) * 0.887), 23px);font-style:normal;font-weight:300\"><br>Intervention rapide \u2013 Particuliers &amp; professionnels \u2013 Devis gratuit<\/p>\n\n\n\n<div class=\"wp-block-buttons is-content-justification-center is-layout-flex wp-container-core-buttons-is-layout-2601ca9b wp-block-buttons-is-layout-flex\" style=\"margin-top:10px;margin-bottom:10px\">\n<div class=\"wp-block-button is-style-fill\"><a class=\"wp-block-button__link has-text-color has-background has-josefin-sans-font-family has-custom-font-size wp-element-button\" style=\"border-radius:0px;color:#ffffff;background-color:#ea6f66;padding-top:9px;padding-right:25px;padding-bottom:9px;padding-left:25px;font-size:clamp(14px, 0.875rem + ((1vw - 3.2px) * 0.455), 18px);\">\ud83d\udcde ME CONTACTER<\/a><\/div>\n<\/div>\n<\/div><\/div>\n\n\n\n<div class=\"wp-block-group has-global-padding is-layout-constrained wp-container-core-group-is-layout-b889ac37 wp-block-group-is-layout-constrained\" style=\"margin-top:0px;margin-bottom:0px;padding-top:100px;padding-right:0px;padding-bottom:0px;padding-left:0px\">\n<h3 class=\"wp-block-heading has-text-align-center has-text-color has-josefin-sans-font-family\" style=\"color:#252e39;font-size:clamp(22.041px, 1.378rem + ((1vw - 3.2px) * 1.586), 36px);font-style:normal;font-weight:600\"><br>Mes services<\/h3>\n\n\n\n<div style=\"height:30px\" aria-hidden=\"true\" class=\"wp-block-spacer\"><\/div>\n\n\n\n<p class=\"has-text-align-center has-text-color has-josefin-sans-font-family\" style=\"color:#000000;font-size:clamp(14px, 0.875rem + ((1vw - 3.2px) * 0.682), 20px);font-style:normal;font-weight:400\">Je met mon savoir-faire \u00e0 votre service pour tous vos besoins en \u00e9lectricit\u00e9, que ce soit pour une urgence, un projet de r\u00e9novation ou une installation neuve. Artisan \u00e9lectricien de confiance, j\u2019interviens rapidement et efficacement.<\/p>\n<\/div>\n\n\n\n<div class=\"wp-block-group alignwide has-global-padding is-layout-constrained wp-container-core-group-is-layout-0bf5bc8c wp-block-group-is-layout-constrained\" style=\"padding-top:50px;padding-bottom:100px\">\n<div class=\"wp-block-columns alignwide is-layout-flex wp-container-core-columns-is-layout-97567064 wp-block-columns-is-layout-flex\" style=\"margin-bottom:60px;padding-top:0;padding-bottom:0\">\n<div class=\"wp-block-column is-vertically-aligned-center is-layout-flow wp-container-core-column-is-layout-c94f03dd wp-block-column-is-layout-flow\" style=\"padding-top:0px;padding-right:30px;padding-bottom:0px;padding-left:50px\">\n<figure class=\"wp-block-image size-full\"><img decoding=\"async\" src=\"https:\/\/tyler.com\/wp-content\/uploads\/2023\/11\/Dolphine-Home-3rd-sec-image1.png\" alt=\"\" class=\"wp-image-1536\" style=\"object-fit:cover\"\/><\/figure>\n\n\n\n<h5 class=\"wp-block-heading has-text-color has-josefin-sans-font-family\" style=\"color:#000000;font-size:clamp(15.197px, 0.95rem + ((1vw - 3.2px) * 0.887), 23px);font-style:normal;font-weight:400;text-transform:capitalize\"><br>D\u00e9pannage \u00e9lectrique<\/h5>\n\n\n\n<p class=\"has-text-color has-josefin-sans-font-family\" style=\"color:#000000;padding-right:40px;font-size:clamp(14px, 0.875rem + ((1vw - 3.2px) * 0.455), 18px);font-style:normal;font-weight:400\">Panne de courant, disjoncteur qui saute, court-circuit ? J\u2019assure un service de d\u00e9pannage rapide pour r\u00e9tablir votre installation en toute s\u00e9curit\u00e9.<\/p>\n<\/div>\n\n\n\n<div class=\"wp-block-column is-layout-flow wp-container-core-column-is-layout-ca467d2c wp-block-column-is-layout-flow\" style=\"border-top-style:none;border-top-width:0px;border-right-width:1px;border-bottom-style:none;border-bottom-width:0px;border-left-width:1px;padding-top:30px;padding-right:30px;padding-bottom:30px;padding-left:50px\">\n<figure class=\"wp-block-image size-full\"><img decoding=\"async\" src=\"https:\/\/tyler.com\/wp-content\/uploads\/2023\/11\/Dolphine-Home-3rd-sec-image2.png\" alt=\"\" class=\"wp-image-1537\"\/><\/figure>\n\n\n\n<h5 class=\"wp-block-heading has-text-color has-josefin-sans-font-family\" style=\"color:#000000;font-size:clamp(15.197px, 0.95rem + ((1vw - 3.2px) * 0.887), 23px);font-style:normal;font-weight:400;text-transform:capitalize\"><br>Installations neuves<\/h5>\n\n\n\n<p class=\"has-text-color has-josefin-sans-font-family\" style=\"color:#000000;padding-right:40px;font-size:clamp(14px, 0.875rem + ((1vw - 3.2px) * 0.455), 18px);font-style:normal;font-weight:400\">Vous construisez une maison ou un local ? Je r\u00e9alise une installation \u00e9lectrique compl\u00e8te, moderne et conforme aux normes, avec des \u00e9quipements adapt\u00e9s \u00e0 vos besoins : \u00e9clairage, prises, chauffage, VMC, domotique\u2026<br><br><\/p>\n<\/div>\n\n\n\n<div class=\"wp-block-column is-vertically-aligned-center is-layout-flow wp-container-core-column-is-layout-c94f03dd wp-block-column-is-layout-flow\" style=\"padding-top:0px;padding-right:30px;padding-bottom:0px;padding-left:50px\">\n<figure class=\"wp-block-image size-full\"><img decoding=\"async\" src=\"https:\/\/tyler.com\/wp-content\/uploads\/2023\/11\/Dolphine-Home-3rd-sec-image3.png\" alt=\"\" class=\"wp-image-1538\"\/><\/figure>\n\n\n\n<h5 class=\"wp-block-heading has-text-color has-josefin-sans-font-family\" style=\"color:#000000;font-size:clamp(15.197px, 0.95rem + ((1vw - 3.2px) * 0.887), 23px);font-style:normal;font-weight:400;text-transform:capitalize\"><br>r\u00e9novations<\/h5>\n\n\n\n<p class=\"has-text-color has-josefin-sans-font-family\" style=\"color:#000000;padding-right:40px;font-size:clamp(14px, 0.875rem + ((1vw - 3.2px) * 0.455), 18px);font-style:normal;font-weight:400\">Vous r\u00e9novez un logement ancien ? Je remets vos installations aux normes, remplace les \u00e9quipements d\u00e9fectueux et am\u00e9liore votre confort en toute s\u00e9curit\u00e9.<br><\/p>\n<\/div>\n<\/div>\n\n\n\n<div class=\"wp-block-columns alignwide is-layout-flex wp-container-core-columns-is-layout-766797f8 wp-block-columns-is-layout-flex\" style=\"margin-top:40px;margin-bottom:40px;padding-top:0px;padding-right:0px;padding-bottom:0px;padding-left:0px\">\n<div class=\"wp-block-column is-vertically-aligned-center is-layout-flow wp-container-core-column-is-layout-c94f03dd wp-block-column-is-layout-flow\" style=\"padding-top:0px;padding-right:30px;padding-bottom:0px;padding-left:50px\">\n<figure class=\"wp-block-image size-full\"><img decoding=\"async\" src=\"https:\/\/tyler.com\/wp-content\/uploads\/2023\/11\/Dolphine-Home-3rd-sec-image4.png\" alt=\"\" class=\"wp-image-1539\"\/><\/figure>\n\n\n\n<h5 class=\"wp-block-heading has-text-color has-josefin-sans-font-family\" style=\"color:#000000;font-size:clamp(15.197px, 0.95rem + ((1vw - 3.2px) * 0.887), 23px);font-style:normal;font-weight:400;text-transform:capitalize\"><br>Mises aux normes<\/h5>\n\n\n\n<p class=\"has-text-color has-josefin-sans-font-family\" style=\"color:#000000;padding-right:40px;font-size:clamp(14px, 0.875rem + ((1vw - 3.2px) * 0.455), 18px);font-style:normal;font-weight:400\">Je v\u00e9rifie et mets aux normes vos installations \u00e9lectriques selon les derni\u00e8res r\u00e9glementations (NF C 15-100), pour votre s\u00e9curit\u00e9 et celle de vos proches.<\/p>\n<\/div>\n\n\n\n<div class=\"wp-block-column is-layout-flow wp-container-core-column-is-layout-ca467d2c wp-block-column-is-layout-flow\" style=\"border-top-style:none;border-top-width:0px;border-right-width:1px;border-bottom-style:none;border-bottom-width:0px;border-left-width:1px;padding-top:30px;padding-right:30px;padding-bottom:30px;padding-left:50px\">\n<figure class=\"wp-block-image size-full\"><img decoding=\"async\" src=\"https:\/\/tyler.com\/wp-content\/uploads\/2023\/11\/Dolphine-Home-3rd-sec-image5.png\" alt=\"\" class=\"wp-image-1540\"\/><\/figure>\n\n\n\n<h5 class=\"wp-block-heading has-text-color has-josefin-sans-font-family\" style=\"color:#000000;font-size:clamp(15.197px, 0.95rem + ((1vw - 3.2px) * 0.887), 23px);font-style:normal;font-weight:400;text-transform:capitalize\"><br>Tableaux \u00e9lectriques, prises, luminaires\u2026<\/h5>\n\n\n\n<p class=\"has-text-color has-josefin-sans-font-family\" style=\"color:#000000;padding-right:40px;font-size:clamp(14px, 0.875rem + ((1vw - 3.2px) * 0.455), 18px);font-style:normal;font-weight:400\">Remplacement ou ajout de prises, installation de tableaux \u00e9lectriques, pose de luminaires int\u00e9rieurs et ext\u00e9rieurs : je vous accompagne dans tous vos projets, petits ou grands.<\/p>\n<\/div>\n\n\n\n<div class=\"wp-block-column is-vertically-aligned-center is-layout-flow wp-container-core-column-is-layout-c94f03dd wp-block-column-is-layout-flow\" style=\"padding-top:0px;padding-right:30px;padding-bottom:0px;padding-left:50px\">\n<figure class=\"wp-block-image size-full\"><img decoding=\"async\" src=\"https:\/\/tyler.com\/wp-content\/uploads\/2023\/11\/Dolphine-Home-3rd-sec-image6.png\" alt=\"\" class=\"wp-image-1541\"\/><\/figure>\n\n\n\n<h5 class=\"wp-block-heading has-text-color has-josefin-sans-font-family\" style=\"color:#000000;font-size:clamp(15.197px, 0.95rem + ((1vw - 3.2px) * 0.887), 23px);font-style:normal;font-weight:400;text-transform:capitalize\">Autres services<\/h5>\n\n\n\n<p class=\"has-text-color has-josefin-sans-font-family\" style=\"color:#000000;padding-right:40px;font-size:clamp(14px, 0.875rem + ((1vw - 3.2px) * 0.455), 18px);font-style:normal;font-weight:400\">Voir si autres services<br><\/p>\n<\/div>\n<\/div>\n\n\n\n<div class=\"wp-block-buttons is-content-justification-center is-layout-flex wp-container-core-buttons-is-layout-a5792793 wp-block-buttons-is-layout-flex\" style=\"margin-top:50px\">\n<div class=\"wp-block-button is-style-fill\"><a class=\"wp-block-button__link has-text-color has-background has-josefin-sans-font-family has-custom-font-size wp-element-button\" style=\"border-radius:0px;color:#ffffff;background-color:#ea6f66;padding-top:9px;padding-right:25px;padding-bottom:9px;padding-left:25px;font-size:clamp(14px, 0.875rem + ((1vw - 3.2px) * 0.455), 18px);\">Voir tous nos services<\/a><\/div>\n<\/div>\n<\/div>\n\n\n\n<div class=\"wp-block-group alignwide has-global-padding is-layout-constrained wp-container-core-group-is-layout-fc62357b wp-block-group-is-layout-constrained\" style=\"margin-top:0px;padding-top:0px;padding-right:0;padding-bottom:0px;padding-left:0\">\n<div class=\"wp-block-columns has-background is-layout-flex wp-container-core-columns-is-layout-015336f4 wp-block-columns-is-layout-flex\" style=\"background-color:#eaeff9;margin-top:0px;margin-bottom:0px;padding-top:70px;padding-right:70px;padding-bottom:70px;padding-left:70px\">\n<div class=\"wp-block-column is-layout-flow wp-block-column-is-layout-flow\">\n<figure class=\"wp-block-image aligncenter size-full is-resized\"><img decoding=\"async\" src=\"https:\/\/tyler.com\/wp-content\/uploads\/2023\/11\/Dolphine-Home-2nd-sec-image.jpeg\" alt=\"\" class=\"wp-image-1535\" style=\"object-fit:contain;width:350px;height:457px\"\/><\/figure>\n<\/div>\n\n\n\n<div class=\"wp-block-column is-vertically-aligned-center is-layout-flow wp-container-core-column-is-layout-3d072ba8 wp-block-column-is-layout-flow\">\n<h2 class=\"wp-block-heading has-text-color has-josefin-sans-font-family\" style=\"color:#292f45;margin-top:0;margin-bottom:0;padding-top:0;padding-bottom:0;font-size:clamp(22.041px, 1.378rem + ((1vw - 3.2px) * 1.586), 36px);font-style:normal;font-weight:600;line-height:1.3\"><br>Pourquoi choisir Nubelec ?<\/h2>\n\n\n\n<p class=\"has-text-color has-josefin-sans-font-family\" style=\"color:#000000;padding-top:0px;padding-right:0px;padding-bottom:50px;padding-left:0px;font-size:clamp(14px, 0.875rem + ((1vw - 3.2px) * 0.455), 18px);font-style:normal;font-weight:400\">Je suis&nbsp;<strong>Jean Marc<\/strong>, artisan \u00e9lectricien depuis plus de<strong> XX ans<\/strong>. &nbsp;Bas\u00e9 \u00e0&nbsp;Rennes, j\u2019interviens dans toute la r\u00e9gion alentour avec s\u00e9rieux et rigueur pour vous garantir un travail propre, durable et conforme aux normes. Mat\u00e9riel de qualit\u00e9, finitions soign\u00e9es, respect des d\u00e9lais : votre satisfaction est ma priorit\u00e9. <br>En tant qu\u2019\u00e9lectricien local de confiance, je vous accompagne \u00e0 chaque \u00e9tape de votre projet, avec une&nbsp;<strong>garantie d\u00e9cennale<\/strong>&nbsp;sur tous mes travaux.<\/p>\n\n\n\n<div class=\"wp-block-buttons is-content-justification-left is-layout-flex wp-container-core-buttons-is-layout-1816d6d7 wp-block-buttons-is-layout-flex\" style=\"margin-top:0;margin-bottom:0\">\n<div class=\"wp-block-button is-style-fill\"><a class=\"wp-block-button__link has-text-color has-background has-josefin-sans-font-family has-custom-font-size wp-element-button\" style=\"border-radius:0px;color:#ffffff;background-color:#ea6f66;padding-top:9px;padding-right:25px;padding-bottom:9px;padding-left:25px;font-size:clamp(14px, 0.875rem + ((1vw - 3.2px) * 0.455), 18px);\">Contact<\/a><\/div>\n<\/div>\n<\/div>\n<\/div>\n<\/div>\n\n\n\n<div class=\"wp-block-group alignfull has-background has-global-padding is-layout-constrained wp-container-core-group-is-layout-a8868cf8 wp-block-group-is-layout-constrained\" style=\"background-color:#292f45;margin-top:0;margin-bottom:0;padding-top:100px;padding-right:0;padding-bottom:100px;padding-left:0\">\n<h3 class=\"wp-block-heading has-text-align-center has-text-color has-josefin-sans-font-family\" style=\"color:#ffffff;padding-bottom:50px;font-size:clamp(22.041px, 1.378rem + ((1vw - 3.2px) * 1.586), 36px);font-style:normal;font-weight:600\">Ce que disent mes clients<\/h3>\n\n\n\n<div class=\"wp-block-columns is-layout-flex wp-container-core-columns-is-layout-4406ff6e wp-block-columns-is-layout-flex\" style=\"margin-top:0px;padding-top:0;padding-bottom:0\">\n<div class=\"wp-block-column has-background is-layout-flow wp-container-core-column-is-layout-0ce904cd wp-block-column-is-layout-flow\" style=\"background-color:#ffffff;padding-top:50px;padding-right:50px;padding-bottom:50px;padding-left:50px\">\n<figure class=\"wp-block-image aligncenter size-full\"><img decoding=\"async\" src=\"https:\/\/tyler.com\/wp-content\/uploads\/2023\/11\/left-quotes-sign.png\" alt=\"\" class=\"wp-image-1932\"\/><\/figure>\n\n\n\n<h5 class=\"wp-block-heading has-text-align-center has-text-color has-josefin-sans-font-family\" style=\"color:#000000;padding-top:30px;padding-bottom:0;font-size:clamp(15.197px, 0.95rem + ((1vw - 3.2px) * 0.887), 23px);font-style:normal;font-weight:400;text-transform:capitalize\">Professionnel<\/h5>\n\n\n\n<p class=\"has-text-align-center has-text-color has-josefin-sans-font-family\" style=\"color:#000000;padding-top:20px;padding-bottom:50px;font-size:clamp(14px, 0.875rem + ((1vw - 3.2px) * 0.455), 18px);font-style:normal;font-weight:400\">Nous avons fait appel \u00e0 Jean Marc pour la r\u00e9novation \u00e9lectrique compl\u00e8te de notre maison. Il a \u00e9t\u00e9 de tr\u00e8s bon conseil, ponctuel et tr\u00e8s professionnel. Le r\u00e9sultat est impeccable.<\/p>\n\n\n\n<p class=\"has-text-align-center has-text-color has-josefin-sans-font-family\" style=\"color:#292f45;font-size:clamp(16.293px, 1.018rem + ((1vw - 3.2px) * 0.989), 25px);font-style:normal;font-weight:500\">Charlyne.<\/p>\n\n\n\n<p class=\"has-text-align-center has-text-color has-josefin-sans-font-family\" style=\"color:#000000;font-size:clamp(14px, 0.875rem + ((1vw - 3.2px) * 0.455), 18px);font-style:normal;font-weight:400\">-Saint Jacques de la Lande-<\/p>\n<\/div>\n\n\n\n<div class=\"wp-block-column has-background is-layout-flow wp-container-core-column-is-layout-0ce904cd wp-block-column-is-layout-flow\" style=\"background-color:#ffffff;padding-top:50px;padding-right:50px;padding-bottom:50px;padding-left:50px\">\n<figure class=\"wp-block-image aligncenter size-full\"><img decoding=\"async\" src=\"https:\/\/tyler.com\/wp-content\/uploads\/2023\/11\/left-quotes-sign.png\" alt=\"\" class=\"wp-image-1932\"\/><\/figure>\n\n\n\n<h5 class=\"wp-block-heading has-text-align-center has-text-color has-josefin-sans-font-family\" style=\"color:#000000;padding-top:30px;padding-bottom:0;font-size:clamp(15.197px, 0.95rem + ((1vw - 3.2px) * 0.887), 23px);font-style:normal;font-weight:400;text-transform:capitalize\">Excellent artisan<\/h5>\n\n\n\n<p class=\"has-text-align-center has-text-color has-josefin-sans-font-family\" style=\"color:#000000;padding-top:20px;padding-bottom:50px;font-size:clamp(14px, 0.875rem + ((1vw - 3.2px) * 0.455), 18px);font-style:normal;font-weight:400\">Excellent artisan ! Jean Marc a install\u00e9 tout le syst\u00e8me \u00e9lectrique de notre extension. Chantier propre, respect des d\u00e9lais, et tr\u00e8s bon rapport qualit\u00e9-prix.<\/p>\n\n\n\n<p class=\"has-text-align-center has-text-color has-link-color wp-elements-4b179746adf01b2b9ed9e1464b193ff3\" style=\"color:#292f45;font-size:clamp(16.293px, 1.018rem + ((1vw - 3.2px) * 0.989), 25px);font-style:normal;font-weight:600\">Thomas.<\/p>\n\n\n\n<p class=\"has-text-align-center\">-Cesson-S\u00e9vign\u00e9-<\/p>\n<\/div>\n\n\n\n<div class=\"wp-block-column has-background is-layout-flow wp-container-core-column-is-layout-0ce904cd wp-block-column-is-layout-flow\" style=\"background-color:#ffffff;padding-top:50px;padding-right:50px;padding-bottom:50px;padding-left:50px\">\n<figure class=\"wp-block-image aligncenter size-full\"><img decoding=\"async\" src=\"https:\/\/tyler.com\/wp-content\/uploads\/2023\/11\/left-quotes-sign.png\" alt=\"\" class=\"wp-image-1932\"\/><\/figure>\n\n\n\n<h5 class=\"wp-block-heading has-text-align-center has-text-color has-josefin-sans-font-family\" style=\"color:#000000;padding-top:30px;padding-bottom:0;font-size:clamp(15.197px, 0.95rem + ((1vw - 3.2px) * 0.887), 23px);font-style:normal;font-weight:400;text-transform:capitalize\">Rapidit\u00e9<\/h5>\n\n\n\n<p class=\"has-text-align-center has-text-color has-josefin-sans-font-family\" style=\"color:#000000;padding-top:20px;padding-bottom:50px;font-size:clamp(14px, 0.875rem + ((1vw - 3.2px) * 0.455), 18px);font-style:normal;font-weight:400\">Jean Marc est intervenu tr\u00e8s rapidement pour un probl\u00e8me de tableau \u00e9lectrique. Travail propre, efficace, et en plus tr\u00e8s sympathique. Je recommande sans h\u00e9siter.<\/p>\n\n\n\n<p class=\"has-text-align-center has-text-color has-josefin-sans-font-family\" style=\"color:#292f45;font-size:clamp(16.293px, 1.018rem + ((1vw - 3.2px) * 0.989), 25px);font-style:normal;font-weight:500\">Nathalie.<\/p>\n\n\n\n<p class=\"has-text-align-center has-text-color has-josefin-sans-font-family\" style=\"color:#000000;font-size:clamp(14px, 0.875rem + ((1vw - 3.2px) * 0.455), 18px);font-style:normal;font-weight:400\">-Rennes-<\/p>\n<\/div>\n<\/div>\n<\/div>\n\n\n\n<p><\/p>\n","protected":false},"excerpt":{"rendered":"<p>Mes services Je met mon savoir-faire \u00e0 votre service pour tous vos besoins en \u00e9lectricit\u00e9, que ce soit pour une urgence, un projet de r\u00e9novation ou une installation neuve. Artisan \u00e9lectricien de confiance, j\u2019interviens rapidement et efficacement. D\u00e9pannage \u00e9lectrique Panne de courant, disjoncteur qui saute, court-circuit ? J\u2019assure un service de d\u00e9pannage rapide pour r\u00e9tablir [&hellip;]<\/p>\n","protected":false},"author":1,"featured_media":0,"parent":0,"menu_order":0,"comment_status":"closed","ping_status":"closed","template":"","meta":{"footnotes":""},"class_list":["post-47","page","type-page","status-publish","hentry"],"_links":{"self":[{"href":"https:\/\/nubelec.fr\/index.php\/wp-json\/wp\/v2\/pages\/47","targetHints":{"allow":["GET"]}}],"collection":[{"href":"https:\/\/nubelec.fr\/index.php\/wp-json\/wp\/v2\/pages"}],"about":[{"href":"https:\/\/nubelec.fr\/index.php\/wp-json\/wp\/v2\/types\/page"}],"author":[{"embeddable":true,"href":"https:\/\/nubelec.fr\/index.php\/wp-json\/wp\/v2\/users\/1"}],"replies":[{"embeddable":true,"href":"https:\/\/nubelec.fr\/index.php\/wp-json\/wp\/v2\/comments?post=47"}],"version-history":[{"count":10,"href":"https:\/\/nubelec.fr\/index.php\/wp-json\/wp\/v2\/pages\/47\/revisions"}],"predecessor-version":[{"id":76,"href":"https:\/\/nubelec.fr\/index.php\/wp-json\/wp\/v2\/pages\/47\/revisions\/76"}],"wp:attachment":[{"href":"https:\/\/nubelec.fr\/index.php\/wp-json\/wp\/v2\/media?parent=47"}],"curies":[{"name":"wp","href":"https:\/\/api.w.org\/{rel}","templated":true}]}}